l(x) = -35*x - 1747. Calculate l(-50).
3
Let p(d) = -d**3 - 8*d**2 - 2*d - 8. Determine p(-8).
8
Let c(f) = f**3 + 4*f**2 - 9*f + 2. Determine c(-5).
22
Let f(w) = 66*w + 1784. Give f(-27).
2
Let w(a) = -2*a + 16. Give w(7).
2
Let z(r) = r**2 + 29*r + 67. What is z(-26)?
-11
Let o(p) = 39*p - 34. Calculate o(1).
5
Let y(c) = -c**3 - 7*c**2 + 3*c - 5. Calculate y(-7).
-26
Let w(n) = -n**2 + 9*n + 27. What is w(12)?
-9
Let t(o) = 21*o - 2. Determine t(-1).
-23
Let b(h) = h**3 - 18*h**2 + 17*h - 13. Determine b(17).
-13
Let a(x) = -9*x**3 - 3*x**2 + 1. Determine a(-1).
7
Let c(m) = -m**3 + 21*m**2 - 38*m + 1. Give c(19).
1
Let v(r) = 5*r**2 + 3*r - 2. What is v(-3)?
34
Let l(i) = i**3 - 4*i**2 - 4*i - 9. Determine l(7).
110
Let x(g) = 28*g - 4. Give x(1).
24
Let q(x) = -13*x + 37. Give q(5).
-28
Let d(w) = -w**2 - 16*w + 36. Give d(-17).
19
Let a(u) = u**3 + 5*u**2 + 2*u + 3. Determine a(-4).
11
Let i(x) = -67*x - 12. Give i(-1).
55
Let m(q) = q**2 - 15*q + 6. Determine m(14).
-8
Let l(r) = r**3 + 2*r**2 - 21*r - 50. Calculate l(-3).
4
Let x(z) = -22*z**2 + z - 1. What is x(1)?
-22
Let p(a) = -a**2 + 4*a. What is p(3)?
3
Let m(w) = 9*w - 12. Calculate m(-3).
-39
Let k(h) = -h**3 - 13*h**2 + 21*h + 44. What is k(-14)?
-54
Let i(a) = -a**3 - 7*a**2 + 17*a - 3. What is i(-9)?
6
Let u(r) = -36*r + 32. Calculate u(1).
-4
Let n(q) = -q**3 + 12*q**2 - 22*q + 19. Give n(10).
-1
Let r(n) = 5*n - 36. Calculate r(6).
-6
Let w(p) = 3*p + 6. Give w(7).
27
Let v(j) = -11*j - 474. Calculate v(-42).
-12
Let t(u) = -13*u**2 - 74*u - 45. Calculate t(-5).
0
Let x(k) = 5*k - 35. What is x(6)?
-5
Let c(f) = -f**3 + 6*f**2 - 3*f - 2. Give c(4).
18
Let k(v) = 4*v**2 - 101*v + 21. Calculate k(25).
-4
Let n(j) = j**2 + 3*j + 5. Determine n(-4).
9
Let l(v) = v**3 + 14*v**2 - v - 18. Give l(-14).
-4
Let c(x) = -5*x**2 - 2*x. Give c(-1).
-3
Let w(x) = -x**2 - 9*x - 18. Give w(-7).
-4
Let o(h) = -5*h + 101. Calculate o(24).
-19
Let c(u) = 2*u**2 + 21*u - 3. Give c(0).
-3
Let n(w) = 3*w**2 - 17*w + 13. Give n(6).
19
Let o(y) = 10*y - 92. Determine o(11).
18
Let d(y) = y**3 - 5*y**2 - 14*y + 29. Determine d(6).
-19
Let x(h) = 8*h - 4. Give x(5).
36
Let y(s) = 24*s - 3. Calculate y(2).
45
Let c(z) = z - 1. Calculate c(-11).
-12
Let y(q) = 11*q + 12. Determine y(9).
111
Let o(g) = -6*g**2 + 3*g - 4. Calculate o(1).
-7
Let d(l) = 18*l - 6. Determine d(1).
12
Let w(h) = -h**2 + 9*h - 14. Give w(6).
4
Let n(p) = p**3 - 2*p**2 + 2*p. Calculate n(2).
4
Let x(m) = 35*m + 1. Give x(2).
71
Let w(f) = -f**2 + 24*f - 85. Give w(16).
43
Let a(o) = 8*o + 3. Determine a(-1).
-5
Let x(m) = 10*m + 2. Determine x(2).
22
Let n(g) = -g**3 + g**2 - 30. Give n(0).
-30
Let b(q) = -2*q**2 + 23*q + 8. Calculate b(12).
-4
Let l(x) = 3*x - 25. Determine l(10).
5
Let z(j) = j**2 - 26*j + 157. Determine z(20).
37
Let q(s) = -3*s + 19. Calculate q(20).
-41
Let b(q) = 22*q + 495. What is b(-22)?
11
Let h(l) = -2*l**2 + 16*l + 16. Calculate h(5).
46
Let j(b) = 130*b - 1037. What is j(8)?
3
Let x(q) = q**3 - 11*q**2 - 2*q + 116. Determine x(10).
-4
Let d(k) = k - 7. What is d(0)?
-7
Let t(w) = w**3 - 7*w**2 + 5*w + 1. Calculate t(5).
-24
Let u(k) = -2*k**2 - 19*k - 6. Calculate u(-8).
18
Let a(q) = 6*q - 3. Determine a(2).
9
Let n(i) = 2*i**2 - 4. What is n(-2)?
4
Let y(k) = 5*k**3 + 4*k**2 - 3*k + 3. Determine y(2).
53
Let x(u) = 40*u - 3. What is x(2)?
77
Let x(j) = j**2 - 7*j + 24. Calculate x(5).
14
Let o(z) = -z - 29. Determine o(-8).
-21
Let j(q) = 21*q**2 + 12*q + 11. Determine j(-1).
20
Let w(j) = 31*j - 8. Give w(0).
-8
Let j(y) = -12*y - 97. Give j(-7).
-13
Let c(f) = 3*f**3 - 54*f**2 + 8. Determine c(18).
8
Let j(o) = -o**3 - o**2 + 7*o + 7. Determine j(-5).
72
Let u(x) = x**2 - x. Calculate u(-5).
30
Let m(w) = -w**3 + w**2 - 3. Determine m(2).
-7
Let t(p) = -3*p**2 - 4*p + 24. Determine t(4).
-40
Let d(i) = i**2 + 13*i + 29. Determine d(-6).
-13
Let a(d) = 7*d - 14. Give a(5).
21
Let h(s) = -s**3 + 2*s + 8. What is h(3)?
-13
Let u(t) = -3*t**2 + 4*t + 14. What is u(-2)?
-6
Let t(a) = a - 8. What is t(5)?
-3
Let b(d) = 14*d - 203. What is b(16)?
21
Let d(u) = u**3 + 6*u**2 + 5*u - 7. Give d(-5).
-7
Let c(s) = -2*s - 40. Determine c(-23).
6
Let t(f) = f**2 - 15*f + 3. Give t(16).
19
Let d(x) = 14*x + 3. Give d(-1).
-11
Let d(q) = 8*q**2 - 8*q + 13. Calculate d(4).
109
Let q(f) = f**3 - 3*f**2 - 2*f - 10. Give q(6).
86
Let k(x) = -2*x**2 + 9*x - 3. Give k(9).
-84
Let r(n) = -2*n**2 - 13*n. What is r(-7)?
-7
Let q(y) = y**2 + 7*y + 7. Give q(-2).
-3
Let m(x) = -x**2 - 11*x - 30. What is m(-13)?
-56
Let d(k) = -k**3 - 7*k**2 + 4*k - 8. What is d(-7)?
-36
Let v(n) = n**2 + 8*n - 4. Give v(-8).
-4
Let u(y) = 5*y - 72. Determine u(16).
8
Let l(i) = -i**3 + 16*i**2 - 11. Determine l(16).
-11
Let i(b) = b**3 - 10*b**2 + 4*b - 13. Calculate i(10).
27
Let i(s) = s**2 - 10*s + 4. What is i(10)?
4
Let d(x) = -61*x - 187. Calculate d(-3).
-4
Let j(s) = 2*s**2 - 8*s - 5. What is j(4)?
-5
Let c(s) = s**2 - 13*s + 18. Determine c(15).
48
Let o(x) = -x - 20. Calculate o(-18).
-2
Let o(t) = 10*t - 13. Calculate o(3).
17
Let d(k) = k**3 - 11*k**2 + 17*k + 7. Calculate d(9).
-2
Let k(a) = a**3 + 5*a**2 + 4*a + 2. What is k(-4)?
2
Let v(z) = -z**2 + 5*z + 23. Give v(6).
17
Let i(p) = p**3 + 12*p**2 - 65*p - 11. Give i(-16).
5
Let q(w) = -w**3 + 33*w**2 - w + 31. What is q(33)?
-2
Let s(n) = 2*n + 8. What is s(0)?
8
Let t(y) = y**3 - 46*y**2 - 47*y - 2. Determine t(47).
-2
Let a(w) = 2*w**3 + 14*w**2 - 2*w - 15. Give a(-6).
69
Let j(k) = k**2 + 21*k + 58. What is j(-3)?
4
Let g(j) = -3*j - 14. Calculate g(-10).
16
Let z(i) = -25*i**2 + i - 2. Determine z(2).
-100
Let b(z) = 48*z - 5. Determine b(2).
91
Let o(t) = 3*t**2 - 9*t + 15. Give o(0).
15
Let y(v) = -2*v - 1. What is y(-9)?
17
Let j(s) = 2*s - 17. Determine j(12).
7
Let j(r) = r**3 + 16*r**2 + 15*r - 15. What is j(-15)?
-15
Let j(u) = u**2 - 8*u - 40. Give j(10).
-20
Let k(c) = c**3 - 8*c**2 - 19. Determine k(8).
-19
Let g(l) = 2*l**2 - 48*l + 21. Calculate g(24).
21
Let z(c) = -16*c**3 + c**2 - 1. Determine z(-1).
16
Let v(c) = 98*c - 581. Determine v(6).
7
Let j(f) = f - 17. What is j(9)?
-8
Let i(t) = t**2 + 2*t - 69. Calculate i(-9).
-6
Let t(n) = n**3 - 9*n**2 + 3*n - 9. What is t(9)?
18
Let i(b) = -20*b - 101. Calculate i(-5).
-1
Let p(f) = 2*f - 3. Calculate p(4).
5
Let n(o) = 2*o**2 - 2*o - 1. Determine n(3).
11
Let b(j) = 2*j**2 - 19*j + 15. Give b(15).
180
Let p(k) = -k**3 - 109*k**2 - 109*k - 114. Give p(-108).
-6
Let w(y) = -3*y**2 - 21*y + 24. Give w(-8).
0
Let i(k) = k**2 - 8*k + 9. Give i(8).
9
Let r(k) = k**2 - 8*k - 7. Give r(6).
-19
Let x(v) = -v**3 + 7*v**2 - 9*v + 6. Give x(5).
11
Let j(y) = -4*y**2 + 10*y - 25. What is j(2)?
-21
Let j(x) = 5*x**2 - 69*x + 18. Determine j(12).
-90
Let a(v) = -v**3 - 11*v**2 - 6*v - 1. Give a(-10).
-41
Let z(i) = -i**3 + 4*i**2 + 3*i + 6. Determine z(5).
-4
Let z(g) = -8*g - 9. Determine z(-3).
15
Let h(g) = 3*g + 18. What is h(-4)?
6
Let v(j) = 3*j**2 - 9*j - 4. Calculate v(4).
8
Let p(a) = 2*a - 25. What is p(11)?
-3
Let p(d) = -15*d - 685. Give p(-46).
5
Let v(t) = 5*t - 7. What is v(9)?
38
Let z(u) = 3*u + 3. Give z(6).
21
Let x(w) = w**3 - 7*w**2 + 5*w + 3. Give x(4).
-25
Let w(s) = s**3 - 9*s**2 + 9*s + 57. What is w(6)?
3
Let a(u) = -u**2 - 30*u + 18. Calculate a(-30).
18
Let u(d) = -d**3 - 54*d**2 + 3*d + 150. Give u(-54).
-12
Let l(m) = -3*m**2 + 22*m - 8. What is l(8)?
-24
Let m(r) = r**2 + 9*r - 2. Determine m(-13).
50
Let t(b) = 3*b**2 - 6*b - 24. Give t(-4).
48
Let g(c) = -c**3 - 33*c**2 - 30*c + 63. What is g(-32)?
-1
Let z(o) = -14*o - 145. Determine z(-11).
9
Let v(r) = -3*r**2 - 6*r + 7. Determine v(1).
-2
Let b(w) = -2*w**3 - 2*w**2 + 2*w - 16. What is b(-3)?
14
Let z(u) = u**3 - 8*u**2 + 11*u - 15. What is z(7)?
13
Let l(v) = -v**3 + 5*v**2 - 18*v + 63. Give l(4).
7
Let m(b) = 35*b**2 + 6*b - 1. What is m(2)?
151
Let k(p) = p**3 - 7*p**2 - 18*p + 8. Calculate k(9).
8
Let u(s) = s**3 + 8*s**2 - 11*s - 20. Calculate u(-9).
-2
Let r(u) = u + 1. Determine r(-7).
-6
Let k(l) = 2*l - 5. Determine k(8).
11
Let k(s) = s**3 - 3*s**2 - 21*s + 8. Calculate k(7).
57
Let t(o) = o**2 - 23*o + 80. What is t(18)?
-10
Let o(h) = 18*h + 4. Give o(-8).
-140
Let h(u) = -u**3 - 18*u**2 + 19*u - 20. Calculate